{"id":3,"date":"2023-03-01T13:32:15","date_gmt":"2023-03-01T12:32:15","guid":{"rendered":"http:\/\/ebeniste-sauvage-grenoble.com\/?page_id=3"},"modified":"2023-03-08T10:58:13","modified_gmt":"2023-03-08T09:58:13","slug":"politique-de-confidentialite","status":"publish","type":"page","link":"http:\/\/ebeniste-sauvage-grenoble.com\/index.php\/politique-de-confidentialite\/","title":{"rendered":"Politique de confidentialit\u00e9"},"content":{"rendered":"\t\t<div data-elementor-type=\"wp-page\" data-elementor-id=\"3\" class=\"elementor elementor-3\">\n\t\t\t\t\t\t\t\t\t<section class=\"elementor-section elementor-top-section elementor-element elementor-element-f475d9e elementor-section-boxed elementor-section-height-default elementor-section-height-default wpr-particle-no wpr-jarallax-no wpr-parallax-no wpr-sticky-section-no\" data-id=\"f475d9e\" data-element_type=\"section\">\n\t\t\t\t\t\t<div class=\"elementor-container elementor-column-gap-default\">\n\t\t\t\t\t<div class=\"elementor-column elementor-col-100 elementor-top-column elementor-element elementor-element-6a063e7\" data-id=\"6a063e7\" data-element_type=\"column\">\n\t\t\t<div class=\"elementor-widget-wrap elementor-element-populated\">\n\t\t\t\t\t\t\t\t<div class=\"elementor-element elementor-element-607d15c elementor-widget elementor-widget-heading\" data-id=\"607d15c\" data-element_type=\"widget\" data-widget_type=\"heading.default\">\n\t\t\t\t<div class=\"elementor-widget-container\">\n\t\t\t<style>\/*! elementor - v3.11.2 - 22-02-2023 *\/\n.elementor-heading-title{padding:0;margin:0;line-height:1}.elementor-widget-heading .elementor-heading-title[class*=elementor-size-]>a{color:inherit;font-size:inherit;line-height:inherit}.elementor-widget-heading .elementor-heading-title.elementor-size-small{font-size:15px}.elementor-widget-heading .elementor-heading-title.elementor-size-medium{font-size:19px}.elementor-widget-heading .elementor-heading-title.elementor-size-large{font-size:29px}.elementor-widget-heading .elementor-heading-title.elementor-size-xl{font-size:39px}.elementor-widget-heading .elementor-heading-title.elementor-size-xxl{font-size:59px}<\/style><h2 class=\"elementor-heading-title elementor-size-default\">Politique de confidentialit\u00e9 - mentions l\u00e9gales<\/h2>\t\t<\/div>\n\t\t\t\t<\/div>\n\t\t\t\t\t<\/div>\n\t\t<\/div>\n\t\t\t\t\t\t\t<\/div>\n\t\t<\/section>\n\t\t\t\t<section class=\"elementor-section elementor-top-section elementor-element elementor-element-2b3e7efd elementor-section-boxed elementor-section-height-default elementor-section-height-default wpr-particle-no wpr-jarallax-no wpr-parallax-no wpr-sticky-section-no\" data-id=\"2b3e7efd\" data-element_type=\"section\">\n\t\t\t\t\t\t<div class=\"elementor-container elementor-column-gap-default\">\n\t\t\t\t\t<div class=\"elementor-column elementor-col-100 elementor-top-column elementor-element elementor-element-5709be9f\" data-id=\"5709be9f\" data-element_type=\"column\">\n\t\t\t<div class=\"elementor-widget-wrap elementor-element-populated\">\n\t\t\t\t\t\t\t\t<div class=\"elementor-element elementor-element-7b5c96c2 elementor-widget elementor-widget-text-editor\" data-id=\"7b5c96c2\" data-element_type=\"widget\" data-widget_type=\"text-editor.default\">\n\t\t\t\t<div class=\"elementor-widget-container\">\n\t\t\t<style>\/*! elementor - v3.11.2 - 22-02-2023 *\/\n.elementor-widget-text-editor.elementor-drop-cap-view-stacked .elementor-drop-cap{background-color:#818a91;color:#fff}.elementor-widget-text-editor.elementor-drop-cap-view-framed .elementor-drop-cap{color:#818a91;border:3px solid;background-color:transparent}.elementor-widget-text-editor:not(.elementor-drop-cap-view-default) .elementor-drop-cap{margin-top:8px}.elementor-widget-text-editor:not(.elementor-drop-cap-view-default) .elementor-drop-cap-letter{width:1em;height:1em}.elementor-widget-text-editor .elementor-drop-cap{float:left;text-align:center;line-height:1;font-size:50px}.elementor-widget-text-editor .elementor-drop-cap-letter{display:inline-block}<\/style>\t\t\t\t<p><!-- wp:heading --><\/p>\n<h2>Qui sommes-nous\u00a0?<\/h2>\n<p><!-- \/wp:heading --><!-- wp:paragraph --><\/p>\n<p>L\u2019adresse de notre site est : http:\/\/ebeniste-sauvage-grenoble.com. Le site appartient \u00e0 C\u00e9dric Sauvage.\u00a0<br \/>L&rsquo;entreprise : EBENISTERIE CEDRIC SAUVAGE (EBENISTERIE D&rsquo;ARTS) &#8211; 46 cours de le lib\u00e9ration 38100 GRENOBLE Sarl &#8211; n\u00b0 SIRET : 75362190300032 &#8211; capital social : 5000\u20ac &#8211; n\u00b0 RCS : Grenoble B 753 621 903 &#8211;\u00a0 contact@ebenisterie-sauvage-grenoble.com\u00a0<br \/>H\u00e9bergeur : ovh &#8211; 2, rue Kellermann, 59100 Roubaix<\/p>\n<p>Webdesigner : Nsanda B\u00e9atrice &#8211;<\/p>\n<h2>Propri\u00e9t\u00e9 intellectuelles<\/h2>\n<p>C\u00e9dric Sauvage est propri\u00e9taire des droits de propri\u00e9t\u00e9 intellectuelle et d\u00e9tient les droits d&rsquo;usage sur tous les \u00e9l\u00e9ments accessibles sur le site internet, notamment les textes, les images, graphisme, logo, architecture, ic\u00f4nes et sons.\u00a0<br \/>Toute reproduction, repr\u00e9sentation et modification, publication, adaptation de tout ou partie des \u00e9l\u00e9ments du site, quel que soit le moyen ou le proc\u00e9d\u00e9 utilis\u00e9, est interdite sauf autorisation \u00e9crite pr\u00e9alable de C\u00e9dric Sauvage. Toute exploitation non autoris\u00e9e du site ou de l\u2019un quelconque des \u00e9l\u00e9ments qu\u2019il contient sera consid\u00e9r\u00e9e comme constitutive d\u2019une contrefa\u00e7on et poursuivie conform\u00e9ment aux dispositions des articles\u00a0L.335-2 et suivants du Code de Propri\u00e9t\u00e9 Intellectuelle.<\/p>\n<h2>Limitations de responsabilit\u00e9<\/h2>\n<p>C\u00e9dric Sauvage ne pourra \u00eatre tenu pour responsable des dommages directs et indirects caus\u00e9s au mat\u00e9riel de l\u2019utilisateur, lors de l\u2019acc\u00e8s au site http:\/\/ebenisterie-sauvage-grenoble.com\/.<br \/>C\u00e9dric Sauvage\u00a0 d\u00e9cline toute responsabilit\u00e9 quant \u00e0 l\u2019utilisation qui pourrait \u00eatre faite des informations et contenus pr\u00e9sents sur https:\/\/ebenisterie-sauvage-grenoble.com\/.<br \/>C\u00e9dric Sauvage s\u2019engage \u00e0 s\u00e9curiser au mieux le site , cependant sa responsabilit\u00e9 ne pourra \u00eatre mise en cause si des donn\u00e9es ind\u00e9sirables sont import\u00e9es et install\u00e9es sur son site \u00e0 son insu.<br \/>Des espaces interactifs (espace contact ou commentaires) sont \u00e0 la disposition des utilisateurs. C\u00e9dric Sauvage se r\u00e9serve le droit de supprimer, sans mise en demeure pr\u00e9alable, tout contenu d\u00e9pos\u00e9 dans<br \/>cet espace qui contreviendrait \u00e0 la l\u00e9gislation applicable en France, en particulier aux dispositions relatives \u00e0 la protection des donn\u00e9es. Le cas \u00e9ch\u00e9ant, C\u00e9dric Sauvage se r\u00e9serve \u00e9galement la possibilit\u00e9 de mettre en cause la responsabilit\u00e9 civile et\/ou p\u00e9nale de l\u2019utilisateur, notamment en cas de message \u00e0 caract\u00e8re raciste, injurieux,<br \/>diffamant, ou pornographique, quel que soit le support utilis\u00e9 (texte, photographie \u2026).<\/p>\n<h2>Droit applicable et attribution de juridiction<\/h2>\n<p>Tout litige en relation avec l\u2019utilisation du site\u00a0 est soumis au droit fran\u00e7ais. En dehors des cas o\u00f9 la loi ne le permet pas, il est fait attribution exclusive de juridiction aux tribunaux comp\u00e9tents de Grenoble .<\/p>\n<h2>Formulaire<\/h2>\n<p>Aucune donn\u00e9es n&rsquo;est collect\u00e9e sur le site internet, les informations que vous laissez (n\u00b0 de t\u00e9l\u00e9phone, e-mail, nom, pr\u00e9nom), sont utilis\u00e9s uniquement pour vous contacter lors de notre collaboration.\u00a0<\/p>\n<p><!-- \/wp:paragraph --><!-- wp:heading --><\/p>\n<h2>Commentaires<\/h2>\n<p><!-- \/wp:heading --><!-- wp:paragraph --><\/p>\n<p>Nous n&rsquo;autorisons pas la publication de commentaires sur notre site internet.<\/p>\n<p><!-- \/wp:paragraph --><!-- wp:heading --><!-- \/wp:paragraph --><!-- wp:heading --><\/p>\n<h2>Cookies<\/h2>\n<p><!-- \/wp:heading --><!-- wp:paragraph --><\/p>\n<p>Nous n&rsquo;utilisons pas de cookies sur notre site internet.<\/p>\n<p><!-- \/wp:paragraph --><!-- wp:paragraph --><\/p>\n<p><!-- \/wp:paragraph --><!-- wp:heading --><\/p>\n<h2>Contenu embarqu\u00e9 depuis d\u2019autres sites<\/h2>\n<p><!-- \/wp:heading --><!-- wp:paragraph --><\/p>\n<p>Les articles de ce site peuvent inclure des contenus int\u00e9gr\u00e9s (par exemple des vid\u00e9os, images, articles\u2026). Le contenu int\u00e9gr\u00e9 depuis d\u2019autres sites se comporte de la m\u00eame mani\u00e8re que si le visiteur se rendait sur cet autre site.<\/p>\n<p><!-- \/wp:paragraph --><!-- wp:paragraph --><\/p>\n<p>Ces sites web pourraient collecter des donn\u00e9es sur vous, utiliser des cookies, embarquer des outils de suivis tiers, suivre vos interactions avec ces contenus embarqu\u00e9s si vous disposez d\u2019un compte connect\u00e9 sur leur site web.<\/p>\n<p><!-- \/wp:paragraph --><!-- wp:heading --><\/p>\n<p><!-- \/wp:paragraph --><!-- wp:heading --><\/p>\n<p><!-- \/wp:paragraph --><!-- wp:heading --><\/p>\n<p><!-- \/wp:paragraph --><!-- wp:heading --><\/p>\n<p>\u00a0<\/p>\n<p><!-- \/wp:paragraph --><\/p>\t\t\t\t\t\t<\/div>\n\t\t\t\t<\/div>\n\t\t\t\t\t<\/div>\n\t\t<\/div>\n\t\t\t\t\t\t\t<\/div>\n\t\t<\/section>\n\t\t\t\t\t\t\t<\/div>\n\t\t","protected":false},"excerpt":{"rendered":"<p>Politique de confidentialit\u00e9 &#8211; mentions l\u00e9gales Qui sommes-nous\u00a0? L\u2019adresse de notre site est : http:\/\/ebeniste-sauvage-grenoble.com. Le site appartient \u00e0 C\u00e9dric Sauvage.\u00a0L&rsquo;entreprise : EBENISTERIE CEDRIC SAUVAGE (EBENISTERIE D&rsquo;ARTS) &#8211; 46 cours de le lib\u00e9ration 38100 GRENOBLE Sarl &#8211; n\u00b0 SIRET : 75362190300032 &#8211; capital social : 5000\u20ac &#8211; n\u00b0 RCS : Grenoble B 753 621 903 [&hellip;]<\/p>\n","protected":false},"author":1,"featured_media":0,"parent":0,"menu_order":0,"comment_status":"closed","ping_status":"closed","template":"elementor_header_footer","meta":{"footnotes":""},"class_list":["post-3","page","type-page","status-publish","hentry"],"yoast_head":"<!-- This site is optimized with the Yoast SEO plugin v20.2.1 - https:\/\/yoast.com\/wordpress\/plugins\/seo\/ -->\n<title>Politique de confidentialit\u00e9 - \u00c9benisterie C\u00e9dric Sauvage Grenoble<\/title>\n<meta name=\"robots\" content=\"index, follow, max-snippet:-1, max-image-preview:large, max-video-preview:-1\" \/>\n<link rel=\"canonical\" href=\"http:\/\/ebeniste-sauvage-grenoble.com\/index.php\/politique-de-confidentialite\/\" \/>\n<meta property=\"og:locale\" content=\"fr_FR\" \/>\n<meta property=\"og:type\" content=\"article\" \/>\n<meta property=\"og:title\" content=\"Politique de confidentialit\u00e9 - \u00c9benisterie C\u00e9dric Sauvage Grenoble\" \/>\n<meta property=\"og:description\" content=\"Politique de confidentialit\u00e9 &#8211; mentions l\u00e9gales Qui sommes-nous\u00a0? L\u2019adresse de notre site est : http:\/\/ebeniste-sauvage-grenoble.com. Le site appartient \u00e0 C\u00e9dric Sauvage.\u00a0L&rsquo;entreprise : EBENISTERIE CEDRIC SAUVAGE (EBENISTERIE D&rsquo;ARTS) &#8211; 46 cours de le lib\u00e9ration 38100 GRENOBLE Sarl &#8211; n\u00b0 SIRET : 75362190300032 &#8211; capital social : 5000\u20ac &#8211; n\u00b0 RCS : Grenoble B 753 621 903 [&hellip;]\" \/>\n<meta property=\"og:url\" content=\"http:\/\/ebeniste-sauvage-grenoble.com\/index.php\/politique-de-confidentialite\/\" \/>\n<meta property=\"og:site_name\" content=\"\u00c9benisterie C\u00e9dric Sauvage Grenoble\" \/>\n<meta property=\"article:modified_time\" content=\"2023-03-08T09:58:13+00:00\" \/>\n<meta name=\"twitter:card\" content=\"summary_large_image\" \/>\n<meta name=\"twitter:label1\" content=\"Dur\u00e9e de lecture estim\u00e9e\" \/>\n\t<meta name=\"twitter:data1\" content=\"3 minutes\" \/>\n<script type=\"application\/ld+json\" class=\"yoast-schema-graph\">{\"@context\":\"https:\/\/schema.org\",\"@graph\":[{\"@type\":\"WebPage\",\"@id\":\"http:\/\/ebeniste-sauvage-grenoble.com\/index.php\/politique-de-confidentialite\/\",\"url\":\"http:\/\/ebeniste-sauvage-grenoble.com\/index.php\/politique-de-confidentialite\/\",\"name\":\"Politique de confidentialit\u00e9 - \u00c9benisterie C\u00e9dric Sauvage Grenoble\",\"isPartOf\":{\"@id\":\"http:\/\/ebeniste-sauvage-grenoble.com\/#website\"},\"datePublished\":\"2023-03-01T12:32:15+00:00\",\"dateModified\":\"2023-03-08T09:58:13+00:00\",\"breadcrumb\":{\"@id\":\"http:\/\/ebeniste-sauvage-grenoble.com\/index.php\/politique-de-confidentialite\/#breadcrumb\"},\"inLanguage\":\"fr-FR\",\"potentialAction\":[{\"@type\":\"ReadAction\",\"target\":[\"http:\/\/ebeniste-sauvage-grenoble.com\/index.php\/politique-de-confidentialite\/\"]}]},{\"@type\":\"BreadcrumbList\",\"@id\":\"http:\/\/ebeniste-sauvage-grenoble.com\/index.php\/politique-de-confidentialite\/#breadcrumb\",\"itemListElement\":[{\"@type\":\"ListItem\",\"position\":1,\"name\":\"Accueil\",\"item\":\"http:\/\/ebeniste-sauvage-grenoble.com\/\"},{\"@type\":\"ListItem\",\"position\":2,\"name\":\"Politique de confidentialit\u00e9\"}]},{\"@type\":\"WebSite\",\"@id\":\"http:\/\/ebeniste-sauvage-grenoble.com\/#website\",\"url\":\"http:\/\/ebeniste-sauvage-grenoble.com\/\",\"name\":\"\u00c9benisterie C\u00e9dric Sauvage Grenoble\",\"description\":\"Conception dans la plus pure tradition de l&#039;\u00e9b\u00e9nisterie\",\"publisher\":{\"@id\":\"http:\/\/ebeniste-sauvage-grenoble.com\/#organization\"},\"potentialAction\":[{\"@type\":\"SearchAction\",\"target\":{\"@type\":\"EntryPoint\",\"urlTemplate\":\"http:\/\/ebeniste-sauvage-grenoble.com\/?s={search_term_string}\"},\"query-input\":\"required name=search_term_string\"}],\"inLanguage\":\"fr-FR\"},{\"@type\":\"Organization\",\"@id\":\"http:\/\/ebeniste-sauvage-grenoble.com\/#organization\",\"name\":\"\u00c9benisterie C\u00e9dric Sauvage Grenoble\",\"url\":\"http:\/\/ebeniste-sauvage-grenoble.com\/\",\"logo\":{\"@type\":\"ImageObject\",\"inLanguage\":\"fr-FR\",\"@id\":\"http:\/\/ebeniste-sauvage-grenoble.com\/#\/schema\/logo\/image\/\",\"url\":\"http:\/\/ebeniste-sauvage-grenoble.com\/wp-content\/uploads\/2023\/03\/cropped-logo-simple-gris-0.5x.png\",\"contentUrl\":\"http:\/\/ebeniste-sauvage-grenoble.com\/wp-content\/uploads\/2023\/03\/cropped-logo-simple-gris-0.5x.png\",\"width\":619,\"height\":372,\"caption\":\"\u00c9benisterie C\u00e9dric Sauvage Grenoble\"},\"image\":{\"@id\":\"http:\/\/ebeniste-sauvage-grenoble.com\/#\/schema\/logo\/image\/\"}}]}<\/script>\n<!-- \/ Yoast SEO plugin. -->","yoast_head_json":{"title":"Politique de confidentialit\u00e9 - \u00c9benisterie C\u00e9dric Sauvage Grenoble","robots":{"index":"index","follow":"follow","max-snippet":"max-snippet:-1","max-image-preview":"max-image-preview:large","max-video-preview":"max-video-preview:-1"},"canonical":"http:\/\/ebeniste-sauvage-grenoble.com\/index.php\/politique-de-confidentialite\/","og_locale":"fr_FR","og_type":"article","og_title":"Politique de confidentialit\u00e9 - \u00c9benisterie C\u00e9dric Sauvage Grenoble","og_description":"Politique de confidentialit\u00e9 &#8211; mentions l\u00e9gales Qui sommes-nous\u00a0? L\u2019adresse de notre site est : http:\/\/ebeniste-sauvage-grenoble.com. Le site appartient \u00e0 C\u00e9dric Sauvage.\u00a0L&rsquo;entreprise : EBENISTERIE CEDRIC SAUVAGE (EBENISTERIE D&rsquo;ARTS) &#8211; 46 cours de le lib\u00e9ration 38100 GRENOBLE Sarl &#8211; n\u00b0 SIRET : 75362190300032 &#8211; capital social : 5000\u20ac &#8211; n\u00b0 RCS : Grenoble B 753 621 903 [&hellip;]","og_url":"http:\/\/ebeniste-sauvage-grenoble.com\/index.php\/politique-de-confidentialite\/","og_site_name":"\u00c9benisterie C\u00e9dric Sauvage Grenoble","article_modified_time":"2023-03-08T09:58:13+00:00","twitter_card":"summary_large_image","twitter_misc":{"Dur\u00e9e de lecture estim\u00e9e":"3 minutes"},"schema":{"@context":"https:\/\/schema.org","@graph":[{"@type":"WebPage","@id":"http:\/\/ebeniste-sauvage-grenoble.com\/index.php\/politique-de-confidentialite\/","url":"http:\/\/ebeniste-sauvage-grenoble.com\/index.php\/politique-de-confidentialite\/","name":"Politique de confidentialit\u00e9 - \u00c9benisterie C\u00e9dric Sauvage Grenoble","isPartOf":{"@id":"http:\/\/ebeniste-sauvage-grenoble.com\/#website"},"datePublished":"2023-03-01T12:32:15+00:00","dateModified":"2023-03-08T09:58:13+00:00","breadcrumb":{"@id":"http:\/\/ebeniste-sauvage-grenoble.com\/index.php\/politique-de-confidentialite\/#breadcrumb"},"inLanguage":"fr-FR","potentialAction":[{"@type":"ReadAction","target":["http:\/\/ebeniste-sauvage-grenoble.com\/index.php\/politique-de-confidentialite\/"]}]},{"@type":"BreadcrumbList","@id":"http:\/\/ebeniste-sauvage-grenoble.com\/index.php\/politique-de-confidentialite\/#breadcrumb","itemListElement":[{"@type":"ListItem","position":1,"name":"Accueil","item":"http:\/\/ebeniste-sauvage-grenoble.com\/"},{"@type":"ListItem","position":2,"name":"Politique de confidentialit\u00e9"}]},{"@type":"WebSite","@id":"http:\/\/ebeniste-sauvage-grenoble.com\/#website","url":"http:\/\/ebeniste-sauvage-grenoble.com\/","name":"\u00c9benisterie C\u00e9dric Sauvage Grenoble","description":"Conception dans la plus pure tradition de l&#039;\u00e9b\u00e9nisterie","publisher":{"@id":"http:\/\/ebeniste-sauvage-grenoble.com\/#organization"},"potentialAction":[{"@type":"SearchAction","target":{"@type":"EntryPoint","urlTemplate":"http:\/\/ebeniste-sauvage-grenoble.com\/?s={search_term_string}"},"query-input":"required name=search_term_string"}],"inLanguage":"fr-FR"},{"@type":"Organization","@id":"http:\/\/ebeniste-sauvage-grenoble.com\/#organization","name":"\u00c9benisterie C\u00e9dric Sauvage Grenoble","url":"http:\/\/ebeniste-sauvage-grenoble.com\/","logo":{"@type":"ImageObject","inLanguage":"fr-FR","@id":"http:\/\/ebeniste-sauvage-grenoble.com\/#\/schema\/logo\/image\/","url":"http:\/\/ebeniste-sauvage-grenoble.com\/wp-content\/uploads\/2023\/03\/cropped-logo-simple-gris-0.5x.png","contentUrl":"http:\/\/ebeniste-sauvage-grenoble.com\/wp-content\/uploads\/2023\/03\/cropped-logo-simple-gris-0.5x.png","width":619,"height":372,"caption":"\u00c9benisterie C\u00e9dric Sauvage Grenoble"},"image":{"@id":"http:\/\/ebeniste-sauvage-grenoble.com\/#\/schema\/logo\/image\/"}}]}},"_links":{"self":[{"href":"http:\/\/ebeniste-sauvage-grenoble.com\/index.php\/wp-json\/wp\/v2\/pages\/3","targetHints":{"allow":["GET"]}}],"collection":[{"href":"http:\/\/ebeniste-sauvage-grenoble.com\/index.php\/wp-json\/wp\/v2\/pages"}],"about":[{"href":"http:\/\/ebeniste-sauvage-grenoble.com\/index.php\/wp-json\/wp\/v2\/types\/page"}],"author":[{"embeddable":true,"href":"http:\/\/ebeniste-sauvage-grenoble.com\/index.php\/wp-json\/wp\/v2\/users\/1"}],"replies":[{"embeddable":true,"href":"http:\/\/ebeniste-sauvage-grenoble.com\/index.php\/wp-json\/wp\/v2\/comments?post=3"}],"version-history":[{"count":17,"href":"http:\/\/ebeniste-sauvage-grenoble.com\/index.php\/wp-json\/wp\/v2\/pages\/3\/revisions"}],"predecessor-version":[{"id":1642,"href":"http:\/\/ebeniste-sauvage-grenoble.com\/index.php\/wp-json\/wp\/v2\/pages\/3\/revisions\/1642"}],"wp:attachment":[{"href":"http:\/\/ebeniste-sauvage-grenoble.com\/index.php\/wp-json\/wp\/v2\/media?parent=3"}],"curies":[{"name":"wp","href":"https:\/\/api.w.org\/{rel}","templated":true}]}}